= 0, 2*h - z = 5*h + 6. Let c = h + 7. Let n(b) = b - 15 + 6 + 2. Determine n(c).
-1
Let g(q) = 5*q + 3. Let u(m) = m. Suppose i = -2*i - 3. Let b(x) = i*g(x) + 2*u(x). What is b(-2)?
3
Let r(c) = 5*c**2 + 3*c - 5. Let a(f) = -4*f**2 - 3*f + 4. Let n(i) = -4*a(i) - 3*r(i). Let z(o) be the first derivative of n(o). What is z(4)?
11
Let k(i) be the first derivative of -1/12*i**4 + 2/3*i**3 - 7/120*i**5 + 2 - 1/360*i**6 + 0*i + 0*i**2. Let c(t) be the third derivative of k(t). What is c(-6)?
4
Let l(g) = -6 - 6*g**2 - 19*g + 2 + g**3 + 14*g + 0. Calculate l(5).
-54
Let x(y) = -4*y**2 + 2*y + 3. Let q be 60/18 - (-1)/(-3). Let d(i) = 2*i**2 - i - 1. Let c(k) = q*x(k) + 5*d(k). Determine c(3).
-11
Suppose 4*v + 2*l - 1 = -7, 5*v - 3*l - 9 = 0. Suppose v = 2*i + 7*i + 2*i. Let a(r) = -r**3 + r**2 + r - 8. Give a(i).
-8
Let f(v) = -v**3 + 8*v**2 + 9*v - 5. Let n be 5/20 - 10*(-21)/24. Give f(n).
-5
Suppose 5*h = -4*r + 24, -6 - 6 = -2*r + 3*h. Let y be (-24)/(-4)*2/r. Let i(s) = 5*s**2 + 1. Let d(j) = j**2 + j. Let n(m) = 4*d(m) - i(m). Give n(y).
3
Let h(z) = 2*z - 115. Let a be h(53). Let c(x) = -x**3 - 8*x**2 + 11*x + 10. Determine c(a).
-8
Let i(m) = -m**3 + 19*m**2 + 65*m - 5. Let t be i(-3). Let y(k) = -65*k - 35. Let a(q) = -11*q - 6. Let s(z) = -35*a(z) + 6*y(z). Give s(t).
10
Let t(y) = 2*y**3 - 2*y**2 + 4. Let d be t(0). Let x(s) be the second derivative of -s**5/20 + s**4/3 + s**3/3 + 13*s. What is x(d)?
8
Let x = 48 - 42. Let z(r) = x - 3 - 4 + 3*r**3 - 2*r**3. Determine z(2).
7
Let o(j) = -j**2 + 4*j - 3. Let s(d) = -d + 1. Let z be s(-2). Let g be z + 2 + 3 + -3. Suppose 3*v - 34 = -g*i, 3*i + 2 = -v + 4*i. What is o(v)?
0
Let l be (7 - (-296)/(-40)) + (-63)/(-120). Let c(a) be the third derivative of l*a**4 + 0*a + 2*a**2 + 0 + 1/20*a**5 - 1/120*a**6 - 1/3*a**3. What is c(4)?
-6
Let o be ((-45)/(-60))/((1 + -5)/(-32)). Let w(g) be the third derivative of 0*g + 1/60*g**5 - 1/4*g**4 + 0 - 1/3*g**3 - 2*g**2. Calculate w(o).
-2
Let d(f) be the second derivative of f**5/20 - f**4/3 - f**3 - 3*f**2 - 10*f + 1. Calculate d(5).
-11
Let j(m) = 2*m**2 - 16*m + 2. Let n be j(8). Let h(k) = 4*k**2 - 2*k + 2. Calculate h(n).
14
Suppose 0*y = 4*d - 3*y - 16, -2*d = -4*y - 18. Let i(z) = 14*z. Determine i(d).
14
Let q(r) = -3*r + 4*r + r - 6*r + 3*r - 12. What is q(-6)?
-6
Let d(s) be the third derivative of -s**4/24 - s**3 - 5*s**2 + 1. Give d(-11).
5
Let t(v) = 12*v**2 - 5*v + 1. Let z(f) = 7*f**2 - 3*f + 1. Let j(y) = -3*t(y) + 5*z(y). Calculate j(3).
-7
Let u(q) = -3*q**2 + 12*q - 53. Let c(j) = 4*j**2 - 18*j + 79. Let k(f) = 5*c(f) + 7*u(f). Let b be k(-9). Let o(v) = -v**3 - 2*v**2 - 4. What is o(b)?
5
Let m(s) = 2*s + 5. Let y be m(0). Let r(f) = 4*f + 4. Let a(q) = 0 - 17*q + 16*q + 0. Let l(i) = -6*a(i) - r(i). Determine l(y).
6
Let d(l) = 4 + l**2 + 68*l + 73*l - 136*l. Let c(b) = b**3 + b**2 + 7. Let v be c(0). Let r = 1 - v. Give d(r).
10
Let n(h) be the second derivative of 2*h + 0 + 0*h**3 - 5/12*h**4 + 1/2*h**2 - 1/20*h**5. Determine n(-5).
1
Let d(n) = n + 2 + 16*n + 0 - 13*n. Give d(2).
10
Suppose 4 = 3*k - 11. Let s(v) = 2*v**2 - 8*v - 2. Let m(g) = g**2 - g. Let u(r) = k*m(r) - s(r). Give u(-2).
8
Suppose 5*j = 10, -4*r - 8*j + 5*j = 26. Let f(l) = l**2 + 5*l - 11. Calculate f(r).
13
Let l(i) = 9*i**3 + 2*i**2 + 13*i + 19. Let b(t) = -5*t**3 - t**2 - 7*t - 11. Let m(r) = 11*b(r) + 6*l(r). Determine m(0).
-7
Let i(c) = c**3 - 15*c**2 - 21*c + 76. Let o be i(16). Let d(s) = s**2 + 2*s + 5. Determine d(o).
13
Let w(d) = -d**3 - 7*d**2 - d - 4. Let n be w(-7). Let p(r) = -8*r**2 + 22*r - 14*r + 2*r**n - r**3 - 4. Calculate p(7).
3
Let z(a) = 8*a**2 - 6*a + 2. Let k(g) = -g**3 - g + 2. Let v(x) = -k(x) - z(x). Let t be -2 + (-22)/(-2) - 2. Determine v(t).
-4
Suppose 4*q = -29 + 85. Let y be (-15)/21 - 4/q. Let n(i) = 13*i**2 + 4*i - 25. Let v(l) = 14*l**2 + 3*l - 21. Let x(o) = 5*n(o) - 6*v(o). What is x(y)?
-20
Let r(n) = 9*n + 3. Let g be 2*(7 - 5) + -5. What is r(g)?
-6
Let l(s) be the third derivative of -11*s**5/60 + s**4/12 - s**3/2 - 2*s**2 + 4. What is l(2)?
-43
Let d(u) = 20*u + u**2 - 6 - 10*u - 5 + 3 - 16. Determine d(-11).
-13
Suppose 0 = -5*g, -4*z - 3*g = -4*g - 8. Let q(h) = 5 + 5*h**z - 10*h**2 + 4*h - h**2 + h**3. Determine q(5).
0
Let a(o) = -8*o - 5. Let d(b) = b**2 - 32*b + 251. Let q be d(13). Calculate a(q).
-37
Let w(v) = -31*v**3 - 5*v**2 + 13*v + 5. Let k(r) = 62*r**3 + 9*r**2 - 24*r - 9. Let o(u) = -6*k(u) - 11*w(u). What is o(1)?
-30
Let b(a) be the third derivative of -a**6/240 + a**5/20 + 11*a**4/12 - 26*a**2. Let r(h) be the second derivative of b(h). Calculate r(-5).
21
Let d be (70/15)/(6/9). Let n(u) be the second derivative of u**3/6 - 2*u**2 + 7*u. Determine n(d).
3
Let f(p) = 5*p. Let m be f(-3). Let y = m - -6. Let g(b) = -b**2 - 8*b + 4. What is g(y)?
-5
Let o(u) be the first derivative of -u**4/24 + 2*u**3/3 + 4*u**2 - 23. Let m(v) be the second derivative of o(v). Give m(6).
-2
Let v(h) = h**2 - h - 2. Let m(j) = -5*j**3 + 17*j**2 - j + 3. Let b(y) = 2*y**3 - 6*y**2 - 1. Let p(g) = 8*b(g) + 3*m(g). Let a be p(-4). Calculate v(a).
10
Let f be -3 + 2 + (7 - 0). Suppose -5*a + 12 = -4*r, -5*r + f = -3*a + 2*a. Suppose o + 20 = a*v, -2*v + 4*v - 32 = -5*o. Let j(d) = d - 6. Calculate j(v).
0
Let i(h) be the third derivative of -h**5/60 + h**4/2 + 4*h**3/3 + 4*h**2 - 9. Determine i(13).
-5
Suppose -5*i = -65 - 35. Suppose 5*v + 4*c = i, -c - 4 = -v + c. Let p(k) = -2*k**2 + 2*k + 3. Determine p(v).
-21
Let q(p) = -10 - 11 + 15*p + 4*p**2 + 5 - 5*p**2 + 0*p. Calculate q(13).
10
Suppose 0 = -f - u + 55, -4*u + 6*u = 2*f - 94. Let w = 55 - f. Let q(a) = -5 - 3*a + 0*a + a. Determine q(w).
-13
Let s(b) = 6*b + 17. Let t(x) = 30*x + 73. Let v(w) = -11*s(w) + 2*t(w). Determine v(-8).
7
Suppose 90*a - 93*a + 15 = 0. Suppose 5*p + 6 = 3*p. Let j be (-6)/a*(8 + p). Let w(x) = x**2 + 7*x - 8. Determine w(j).
-14
Let g be 64/20 + 0 + (-1)/5. Let z = 2 - -1. Let i(x) = -4*x**3 - 3*x + 2*x**3 + x**z + 4*x**2. Determine i(g).
0
Let n = -22 + 64. Let l = n - 37. Let r(g) = -g**3 + 5*g**2 - 2*g + 2. Determine r(l).
-8
Let j be 0*2/(-12)*1. Let d(i) = i**2 - i + 21. What is d(j)?
21
Let a be 39 + 1 + (-2)/(-1). Let j(r) = -r**2 - 4*r - 1. Let g be j(-3). Let w(i) = 0*i + g*i**2 + a*i**3 - 44*i**3 - i + 1. What is w(2)?
-9
Let q(n) = n**3 + 4*n**2 + 3. Let b(t) = -t + 25. Let v be b(15). Let z = v - 14. Give q(z).
3
Let t(y) = 2*y + 22. Let n(f) = -f**2 + 2*f + 5. Let d be n(5). What is t(d)?
2
Let r(h) be the first derivative of -2*h**3/3 - 1. Let d = -15 - -11. Let v be (16/d)/(-2) - 1. Calculate r(v).
-2
Let x = 35 + -40. Let q(m) = 6*m**3 + 3*m**2 + 6*m + 5. Let w(o) = -6*o - 4*o**2 - o - 6 - o**3 - 6*o**3. Let t(j) = x*q(j) - 4*w(j). Calculate t(2).
-17
Suppose x = -0*g + g - 1, 4*x - 11 = g. Let i(t) = -x*t + 6*t + 8 - t. Determine i(-6).
2
Let x(o) = -o - 1. Let c(q) = q**3 + 5*q**2 + 10*q + 9. Let n(w) = -c(w) - 5*x(w). Let g be 3*4/4 + 58. Let s = -65 + g. What is n(s)?
0
Let q(i) = 7*i + 0*i - 2*i - 3*i + 3. Let n(x) = 2*x + 3. Let d(s) = s + 2. Let g be d(-5). Let b(k) = g*q(k) + 2*n(k). Determine b(-4).
5
Let d = -23 + 25. Let p(t) = 2 - 3 + d*t + 3 - 18*t**2 + 16*t**2. Determine p(-2).
-10
Let g(q) = 5*q + 10. Let l(r) = 14*r + 30. Suppose -k = -5*k - 68. Let v(i) = k*g(i) + 6*l(i). Calculate v(8).
2
Let v(n) = -2*n - 4. Let m(z) be the second derivative of -5*z + 1/3*z**3 + 3/2*z**2 + 0. Let r(s) = 2*m(s) + 3*v(s). What is r(-6)?
6
Let p(b) = -b**3 - 5*b**2 + 5*b - 4. Let l be 0 + -7 + 6 + -5. Give p(l).
2
Let p(a) = 4*a - 2. Let d be p(-1). Let c(y) = -y. Let z(s) = -s + 1. Let u(j) = d*z(j) + 5*c(j). Calculate u(-5).
-11
Let f(i) = 4*i + 4. Let y(c) = c + 1. Let j(x) = 4*f(x) - 18*y(x). Calculate j(8).
-18
Suppose b = 3*b - 6. Let v(c) be the second derivative of 3/2*c**2 + 1/20*c**5 + 0 + 8*c + 1/2*c**3 - 5/12*c**4. Determine v(b).
-6
Suppose 0 + 8 = f - 3*a, 3*f + 5*a - 10 = 0. Let i(b) = 131 + f*b**2 + 2*b - 42 - 40 - 47. Determine i(-1).
5
Suppose 12*s - 510 = 97*s. Let t(y) = y + 11. Give t(s).
5
Let j(w) = 3*w**2 - 3*w - 3. Let r be j(2). Let n be 4/(-14) - 37/(-7). Suppose n*i + 7 = -r. Let b(t) = 2*t**3 + 3*t**2 - t - 2. Give b(i).
-4
Let u = 964 - 962. Let f(h) = 3*h**2 + h - 4. What is f(u